lculate the greatest common divisor of 864957619 and 2507.
2507
What is the greatest common factor of 9972548 and 2540?
508
What is the highest common divisor of 384 and 207167016?
24
What is the greatest common factor of 114 and 42674?
38
What is the highest common divisor of 136 and 133658692?
68
What is the greatest common divisor of 684 and 944908?
76
What is the highest common factor of 119695419 and 83232?
2601
Calculate the highest common factor of 116281 and 20449.
121
What is the greatest common divisor of 450819 and 10797?
177
Calculate the greatest common factor of 1029 and 744212.
49
Calculate the greatest common factor of 39751 and 15377377.
313
Calculate the greatest common factor of 1316 and 4150034.
14
Calculate the highest common divisor of 811925 and 3625.
25
Calculate the highest common factor of 132277752 and 2628.
2628
What is the highest common factor of 1718166 and 216?
6
What is the highest common divisor of 628 and 130312669?
157
Calculate the highest common factor of 3444 and 78111068.
1148
Calculate the highest common factor of 12175 and 183550.
25
Calculate the greatest common divisor of 227281557 and 3.
3
Calculate the highest common factor of 2 and 159492004.
2
What is the greatest common divisor of 336249234 and 18?
18
What is the highest common factor of 232083448 and 2154?
718
Calculate the highest common divisor of 1497039 and 6.
3
Calculate the greatest common factor of 2679436 and 1.
1
Calculate the highest common divisor of 48608 and 26591614.
3038
What is the highest common factor of 253 and 110469?
23
Calculate the greatest common divisor of 1012 and 205973372.
1012
What is the highest common factor of 7751354 and 4446?
494
What is the greatest common factor of 7176 and 143803176?
552
Calculate the greatest common factor of 47715762 and 6.
6
What is the greatest common factor of 5356 and 74376094?
2678
Calculate the highest common divisor of 26438010 and 180.
30
What is the highest common factor of 9196 and 7059887?
19
Calculate the highest common divisor of 13306 and 4042.
2
What is the greatest common divisor of 144351097 and 10230?
341
Calculate the highest common divisor of 7857542 and 7546.
1078
Calculate the highest common divisor of 84665 and 139061053.
2419
Calculate the greatest common divisor of 13156 and 586119534.
6578
Calculate the highest common factor of 16010974 and 238.
238
Calculate the greatest common factor of 5 and 24569530.
5
Calculate the highest common divisor of 137614 and 7138.
166
What is the highest common factor of 4119334 and 464?
58
Calculate the greatest common divisor of 11529 and 181048.
427
What is the greatest common factor of 135436117 and 31?
31
Calculate the greatest common divisor of 8 and 178331332.
4
What is the greatest common divisor of 2058273 and 5957?
259
What is the greatest common factor of 42 and 238183253?
7
What is the greatest common divisor of 15446882 and 22?
22
What is the highest common divisor of 3898 and 57661165?
1949
Calculate the highest common divisor of 29471520 and 11760.
240
Calculate the greatest common divisor of 542962 and 7210.
14
Calculate the highest common factor of 14752 and 1724601.
461
Calculate the highest common factor of 101075 and 945425.
325
Calculate the greatest common divisor of 1902816 and 954.
18
Calculate the highest common factor of 44766 and 6318.
54
Calculate the highest common factor of 28 and 316867362.
14
What is the greatest common divisor of 12544 and 1438256?
16
What is the highest common factor of 1781380 and 1110?
10
Calculate the greatest common factor of 2575675 and 41695.
1345
What is the highest common divisor of 4300 and 56726374?
86
What is the highest common divisor of 9826 and 52207?
17
What is the greatest common divisor of 28780312 and 792?
88
What is the highest common factor of 40 and 325960?
40
Calculate the highest common factor of 644934 and 8460.
282
What is the greatest common factor of 110022477 and 813?
813
Calculate the highest common factor of 31316719 and 2051.
2051
What is the highest common factor of 843489 and 238?
17
What is the greatest common factor of 36113 and 18669?
49
What is the greatest common factor of 90174 and 87360?
42
Calculate the highest common divisor of 2072 and 4001592.
56
What is the greatest common divisor of 1032 and 128384240?
344
Calculate the greatest common factor of 90738887 and 18193.
2599
Calculate the highest common divisor of 5270 and 1304070.
170
What is the highest common divisor of 3302 and 1176782?
254
What is the highest common factor of 18 and 39787218?
18
Calculate the highest common divisor of 1582 and 421333269.
791
What is the highest common factor of 25194 and 326313?
39
What is the greatest common divisor of 60290750 and 1427?
1427
Calculate the greatest common divisor of 36912429 and 405.
81
Calculate the highest common factor of 6567 and 3457824.
597
What is the highest common factor of 2460 and 7346790?
1230
What is the highest common factor of 481800309 and 4731?
4731
What is the greatest common divisor of 1664427 and 499659?
3309
Calculate the highest common factor of 153725 and 20956265.
2365
What is the highest common divisor of 221 and 141087128?
13
Calculate the highest common divisor of 543459 and 6762.
147
What is the highest common divisor of 38 and 1375722?
2
Calculate the greatest common factor of 138296 and 27199.
59
Calculate the greatest common factor of 237592656 and 12096.
3024
Calculate the greatest common divisor of 500539 and 202384.
1807
What is the greatest common divisor of 34006456 and 1144?
88
Calculate the greatest common divisor of 7155 and 240975.
135
What is the greatest common divisor of 71898786 and 18?
18
Calculate the greatest common divisor of 373843236 and 156.
156
What is the greatest common divisor of 6 and 64698882?
6
What is the highest common factor of 4889895 and 1425?
15
What is the highest common factor of 8 and 3489712?
8
What is the highest common factor of 331296 and 564?
12
Calculate the greatest common divisor of 3287072140 and 46.
46
Calculate the highest common factor of 385 and 374045.
35
What is the highest common factor of 319429 and 61699?
781
What is the highest common factor of 6606 and 3432918?
2202
Calculate the greatest common divisor of 130 and 4754855430.
130
What is the greatest common divisor of 4710 and 2008030?
1570
Calculate the greatest common divisor of 3560 and 1553495.
445
Calculate the highest common factor of 228351 and 52469.
739
What is the highest common factor of 1810 and 895180?
10
Calculate the highest common divisor of 414 and 317699.
23
What is the highest common factor of 5179872 and 112?
16
What is the highest common factor of 11298 and 146605?
269
What is the highest common factor of 13819806 and 98?
14
Calculate the greatest common divisor of 620687 and 4.
1
Calculate the highest common factor of 25680 and 1046130.
30
Calculate the greatest common divisor of 260325399 and 1455.
291
What is the greatest common divisor of 920 and 812860?
20
Calculate the greatest common factor of 23076277 and 7.
7
Calculate the greatest common factor of 237187 and 363127.
2099
What is the greatest common factor of 793323 and 4159467?
4383
Calculate the greatest common factor of 1256 and 6461021.
157
What is the highest common divisor of 574 and 6774184?
82
What is the greatest common divisor of 225526 and 357294?
2534
What is the highest common factor of 7205 and 628320?
55
What is the greatest common divisor of 116694 and 710?
2
What is the greatest common divisor of 1231 and 69835861?
1231
What is the greatest common factor of 6309 and 5401906?
701
What is the highest common factor of 2213328818 and 2946?
982
What is the highest common factor of 2485 and 2816695?
35
Calculate the greatest common divisor of 49088 and 77248.
64
Calculate the highest common divisor of 2386179 and 579123.
2403
Calculate the highest common factor of 26892 and 761276.
332
What is the highest common factor of 5105786 and 70?
14
What is the highest common factor of 36 and 2882292?
12
What is the greatest common factor of 731359808 and 7712?
7712
What is the greatest common divisor of 1188014 and 812?
58
What is the highest common factor of 691 and 763194989?
691
What is the greatest common divi